05?
False
Is 8 a factor of 10301080?
True
Is 9095802 a multiple of 573?
True
Is 8 a factor of 85728?
True
Does 6 divide 17080?
False
Is 1347513 a multiple of 3?
True
Is 47 a factor of 656671?
False
Is 703534 a multiple of 12?
False
Does 20 divide 3850600?
True
Is 16 a factor of 49583?
False
Does 3 divide 3139984?
False
Is 2 a factor of 54790?
True
Is 72613 a multiple of 324?
False
Is 3156420 a multiple of 372?
True
Is 4340060 a multiple of 20?
True
Is 31 a factor of 477679?
True
Does 63 divide 26056979?
False
Does 11 divide 14551040?
False
Is 71416 a multiple of 28?
False
Is 3158826 a multiple of 33?
True
Is 64 a factor of 7194688?
True
Is 300 a factor of 112800?
True
Is 271 a factor of 4091975?
False
Is 66 a factor of 3314124?
True
Does 7 divide 19628?
True
Does 742 divide 172144?
True
Is 280 a factor of 10204659?
False
Is 83 a factor of 2822248?
False
Is 397392 a multiple of 16?
True
Does 570 divide 4067478?
False
Is 52821 a multiple of 17?
False
Does 48 divide 1441056?
True
Does 119 divide 104363?
True
Does 98 divide 30184?
True
Is 18724 a multiple of 302?
True
Is 166191 a multiple of 12?
False
Does 11 divide 397056?
True
Is 34 a factor of 163302?
True
Does 6 divide 815204?
False
Does 36 divide 214272?
True
Is 306132 a multiple of 388?
True
Is 120 a factor of 341952?
False
Is 30 a factor of 85620?
True
Is 1496544 a multiple of 204?
True
Is 439 a factor of 9869129?
False
Does 5 divide 255350?
True
Is 1332 a multiple of 18?
True
Does 33 divide 833670?
False
Is 350 a factor of 1042650?
True
Does 24 divide 1941616?
False
Does 458 divide 208234?
False
Is 9 a factor of 98703?
True
Is 12 a factor of 3332820?
True
Is 191 a factor of 3241461?
True
Does 8 divide 373207?
False
Is 87 a factor of 768041?
False
Is 217227 a multiple of 209?
False
Is 88083 a multiple of 334?
False
Is 1884024 a multiple of 1233?
True
Does 92 divide 3900035?
False
Is 3223488 a multiple of 489?
True
Is 216 a factor of 535032?
True
Is 1471770 a multiple of 474?
True
Does 33 divide 544113?
False
Does 93 divide 9352390?
False
Is 28 a factor of 387477?
False
Is 320 a factor of 868885?
False
Is 56 a factor of 2681260?
False
Is 137256 a multiple of 3?
True
Is 229703 even?
False
Is 700179 a multiple of 102?
False
Is 1082103 a multiple of 11?
True
Is 706056 a multiple of 584?
True
Is 742491 even?
False
Does 90 divide 160166?
False
Is 49166 a multiple of 62?
True
Is 61 a factor of 22997?
True
Is 2520017 a multiple of 259?
False
Does 69 divide 115005?
False
Does 58 divide 102834?
True
Does 19 divide 34406?
False
Is 2723017 a multiple of 9?
False
Is 10 a factor of 114620?
True
Does 26 divide 3727204?
True
Does 136 divide 8869920?
True
Is 28665 a multiple of 11?
False
Is 3 a factor of 4533?
True
Is 2475251 a multiple of 17?
True
Is 22 a factor of 239306?
False
Is 19 a factor of 2366811?
True
Does 49 divide 14063?
True
Is 101821 a multiple of 233?
True
Is 603 a factor of 7653879?
True
Does 42 divide 2199288?
True
Is 79 a factor of 2268959?
True
Is 97813 a multiple of 286?
False
Is 1278415 a multiple of 163?
False
Is 16943788 a multiple of 89?
False
Does 84 divide 593609?
False
Is 1694 a factor of 9098541?
False
Does 145 divide 107300?
True
Is 103 a factor of 256367?
True
Is 6759456 a multiple of 1903?
True
Does 139 divide 263532?
False
Is 21 a factor of 1619027?
False
Is 10 a factor of 551910?
True
Is 13 a factor of 5858801?
True
Is 80448 a multiple of 268?
False
Is 112644 a multiple of 28?
True
Does 2413 divide 3357875?
False
Is 6 a factor of 231132?
True
Is 6183338 a multiple of 11?
False
Is 74165 a multiple of 557?
False
Is 466721 a multiple of 15?
False
Is 1079 a factor of 262618?
False
Does 528 divide 26065776?
True
Does 150 divide 382350?
True
Does 24 divide 1494744?
True
Is 331 a factor of 382764?
False
Is 243754 a multiple of 46?
True
Is 193830 a multiple of 37?
False
Is 730 a factor of 5426351?
False
Is 1332320 a multiple of 7?
False
Is 4 a factor of 69216?
True
Is 36 a factor of 2043486?
False
Does 13 divide 57954?
True
Does 275 divide 5740350?
True
Does 12 divide 197364?
True
Is 8 a factor of 1183240?
True
Is 14 a factor of 9442373?
False
Does 28 divide 63952?
True
Is 534 a factor of 981492?
True
Is 1360179 a multiple of 117?
False
Is 265351 a multiple of 653?
False
Is 413 a factor of 4254785?
False
Is 95220 a multiple of 6?
True
Does 108 divide 290161?
False
Is 47507 a multiple of 5?
False
Is 130865 a multiple of 10?
False
Is 9 a factor of 1266?
False
Is 10 a factor of 77680?
True
Is 11 a factor of 20414?
False
Does 28 divide 109032?
True
Is 10 a factor of 6713966?
False
Is 1123495 a multiple of 53?
False
Is 46 a factor of 2463530?
True
Does 21 divide 234948?
True
Is 571 a factor of 963848?
True
Is 85 a factor of 86955?
True
Is 9002726 a multiple of 416?
False
Is 153 a factor of 916470?
True
Does 13 divide 2708602?
True
Is 1574077 a multiple of 28?
False
Is 22 a factor of 14341184?
True
Is 3835566 a multiple of 63?
True
Does 99 divide 45837?
True
Is 24323 a multiple of 38?
False
Is 40320 a multiple of 90?
True
Does 41 divide 223140?
False
Is 28 a factor of 52077?
False
Is 44950 a multiple of 29?
True
Is 561672 a multiple of 174?
True
Does 427 divide 1157170?
True
Is 6333912 a multiple of 18?
True
Is 9550 a multiple of 78?
False
Is 97 a factor of 3915211?
True
Is 563421 a multiple of 429?
False
Is 268272 a multiple of 8?
True
Is 16 a factor of 53680?
True
Does 538 divide 652594?
True
Is 18 a factor of 34254?
True
Is 196920 a multiple of 18?
True
Does 3 divide 1649212?
False
Is 1015 a factor of 2168040?
True
Is 15 a factor of 300330?
True
Is 1611687 a multiple of 7?
True
Does 37 divide 1230?
False
Is 26 a factor of 547170?
True
Is 12 a factor of 45241?
False
Is 165624 a multiple of 618?
True
Is 742 a factor of 2722398?
True
Is 150470 a multiple of 82?
True
Does 27 divide 332235?
True
Does 47 divide 513906?
False
Does 63 divide 1323063?
True
Does 30 divide 2046210?
True
Is 18 a factor of 7283805?
False
Is 7934876 a multiple of 25?
False
Is 1916397 a multiple of 204?
False
Does 16 divide 220144?
True
Is 9 a factor of 10195?
False
Is 71 a factor of 462460?
False
Is 42 a factor of 193853?
False
Is 92762 even?
True
Is 109 a factor of 505542?
True
Is 124 a factor of 179676?
True
Does 414 divide 1597212?
True
Is 2024 a factor of 5183892?
False
Is 38 a factor of 420774?
True
Is 240 a factor of 844080?
True
Does 71 divide 4295005?
False
Is 58 a factor of 5749192?
True
Is 55 a factor of 13876186?
False
Is 162372 a multiple of 107?
False
Is 220 a factor of 328460?
True
Does 5 divide 85590?
True
Does 63 divide 254280?
False
Is 16052260 a multiple of 13?
False
Is 39 a factor of 188604?
True
Does 365 divide 4728575?
True
Is 10142392 a multiple of 1383?
False
Is 358 a factor of 132442?
False
Is 170793 a multiple of 7?
True
Does 175 divide 2844275?
True
Is 128183 a multiple of 12?
False
Does 18 divide 1819713?
False
Does 176 divide 5166656?
True
Is 5 a factor of 620988?
False
Is 13 a factor of 657683?
True
Is 411840 a multiple of 165?
True
Is 48 a factor of 5056272?
True
Is 5 a factor of 506945?
True
Is 2422157 a multiple of 55?
False
Is 163286 a multiple of 19?
True
Is 51 a factor of 3128864?
False
Is 9010535 a multiple of 586?
False
Is 382 a factor of 161057?
False
Is 164820 a multiple of 60?
True
Is 79714 a multiple of 8?
False
Is 191 a factor of 501948?
True
Does 37 divide 93314?
True
Is 561 a factor of 398148?
False
Is 1079 a factor of 14982994?
True
Does 4 divide 21924?
True
Does 88 divide 183385?
False
Does 534 divide 410918?
False
Is 173 a factor of 194279?
True
Is 754 a factor of 233426?
False
Is 128980 a multiple of 10?
True
Does 6 divide 111936?
True
Is 80 a factor of 26960?
True
Is 1599654 a multiple of 115?
False
Is 3753805 a multiple of 11?
True
Is 7 a factor of 260359?
False
Is 598740 a multiple of 587?
True
Does 39 divide 402166?
False
Does 44 divide 5642782?
False
Is 102354 a multiple of 21?
True
Does 148 divide 180264?
True
Is 64 a factor of 1783104?
True
Does 37 divide 7881?
True
Is 6 a factor of 19613?
False
Is 57 a factor of 231804?
False
Is 776 a factor of 2661680?
True
Is 57 a factor of 159999?
True
Is 62545 a multiple of 35?
True
Is 97223 a multiple of 135?
False
Is 21 a factor of 54423?
False
Is 22419 a multiple of 17?
False
Does 118 divide 892646?
False
Is 505306 